hat is the remainder when h is divided by t?
11
Let k = -559 - -572. Suppose -3*h = -13 - 2. What is the remainder when k is divided by h?
3
Let h(z) = z**3 + 6*z**2 + 9*z + 7. Suppose -2*y = 3*y - 5. Calculate the remainder when h(-4) is divided by y.
0
Suppose -5*h + 0*h = -30. Let v(p) = p - 6. Let y be v(h). Suppose -t + 6*t - 40 = y. Calculate the remainder when 14 is divided by t.
6
Let m = 16 - 9. Calculate the remainder when 11 is divided by m.
4
Calculate the remainder when 25 is divided by (4 - (-3 + 4))*3.
7
Suppose 0*m = 3*m - 69. Let k(l) = -l. Let n be k(-2). Suppose -n*a + 6*a = 32. Calculate the remainder when m is divided by a.
7
Suppose 2 + 13 = 5*k. Suppose 4*h - 53 = -k*j, -j - 6 - 8 = -5*h. Calculate the remainder when 41 is divided by j.
8
Let i(c) = -5*c**2 + 4*c + 3. Let x(g) = -4*g**2 + 4*g + 4. Let f(m) = 3*i(m) - 4*x(m). Calculate the remainder when f(9) is divided by 10.
8
Suppose -a + 4*o = -30, 0*o = 2*a + 2*o - 40. Calculate the remainder when (246/9)/(2/3) is divided by a.
19
Suppose 2*a = 20 - 0. Let y(g) = 11*g + 2. Let u be y(-2). What is the remainder when 2 is divided by (-28)/u - 4/a?
0
Calculate the remainder when 221/3 + (-5)/(-15) is divided by 15.
14
Let a(b) = b - 1. Let f be a(1). Calculate the remainder when 15 is divided by 22/2 + f + -3.
7
Suppose 0 = 31*v - 27*v - 12. Suppose 5*n = 3*m + 37, -4*m - 6 = -2*n + 4*n. Calculate the remainder when 0/(2/(-1)) + n is divided by v.
2
Suppose 0 = h - 0 - 5. Suppose -8*r + 125 = -3*r. Suppose 10*a - h*a = r. What is the remainder when 13 is divided by a?
3
Let w(o) = o. Let f(d) = 7*d + 15. Let q(h) = f(h) - 6*w(h). Suppose 2*t = 3*t. What is the remainder when q(t) is divided by 8?
7
Let b(a) = a**2 - a + 9. Let h = -22 - -22. What is the remainder when b(h) is divided by 3?
0
Let x(i) = -i**2 + 2*i + 3. Let d be x(-3). What is the remainder when 41 is divided by -1 - (0/(-2) + d)?
8
Let i = -12 - -26. Let s = -486 + 491. Calculate the remainder when i is divided by s.
4
Let a(y) = -y**2 - 2*y + 2. Let s be a(2). Calculate the remainder when (2 + -6)/2 + (3 - -3) is divided by 9/6*(-8)/s.
0
Let o = -32 + 61. Let g be 1/(4/2)*0. Suppose 4*z - 2*k = 6*z - 12, g = 5*z + 3*k - 38. What is the remainder when o is divided by z?
9
Suppose 8 = -m - 3*z, -4*m + 3*m + 24 = -5*z. Suppose 5*p = 3*j + 32, 5*p - 36 = 2*j + 2*j. What is the remainder when m is divided by (-10)/j*18/15?
1
Suppose 3*v = 4*y - 85, 0*v + 5*v = -15. Suppose 2*d + 7 - 19 = 0. Let m = 13 - d. What is the remainder when y is divided by m?
5
Suppose 0 = 2*a - 4, 5*n + 3*a = 19 + 12. Let t = n - -26. Calculate the remainder when t is divided by 8.
7
Suppose -5*s = 2*z - 9, -4*z = z + 3*s + 6. Calculate the remainder when 18 is divided by (-10)/(-1*(-2 - z)).
8
Let o(s) = 66*s**2 + 2*s - 2. Calculate the remainder when o(1) is divided by 17.
15
Let z be 1/(-2)*2*-135. Suppose -5*n = -j - z, -j - j + 150 = 5*n. Let h(s) = s**3 + 12*s**2 + 11*s + 15. What is the remainder when n is divided by h(-11)?
13
Let i = 11 + -21. Let y = -8 - -10. Calculate the remainder when 5/(i/(-48)) + y is divided by 9.
8
Suppose 4*h + o - 55 = 15, -2*o + 4 = 0. What is the remainder when 31 is divided by h?
14
Suppose 2*n - 5 = 37. Calculate the remainder when 41 is divided by n.
20
Let x(c) = c**3 + 10*c**2 + 6*c + 20. What is the remainder when x(-9) is divided by 26?
21
Let z = 13 + 1. Suppose 5*u - 120 = 2*g, 5*u - 4*g - 110 = -0*u. Calculate the remainder when u is divided by z.
12
Suppose 264 = a + 2*a. Calculate the remainder when a is divided by (-103)/(-7) - (-90)/315.
13
Suppose 5*j + 132 = q, -4*j - 44 = -3*q + 297. What is the remainder when q is divided by 27?
26
Suppose -4*f + 64 = -4*k - 0*k, f - 4*k = 13. Let v = 10 + -4. Calculate the remainder when f is divided by v.
5
Let y(f) = -f**2 - 4*f. Let l be y(-6). Let s = l - -47. Calculate the remainder when s is divided by 18.
17
Let u(f) = f**3 - 6*f**2 + 5*f + 5. Let s be u(5). Suppose -s*g = 3*d - 13, -2*d - g - 19 = -5*d. What is the remainder when 23 is divided by d?
5
Let f(q) = 13*q**2 - 2*q - 3. Calculate the remainder when f(2) is divided by 16.
13
Suppose 0 = 4*p - 3*p + 1, -5*n + 12 = -2*p. Suppose -3*i + 9 = -6. Calculate the remainder when i is divided by n.
1
Suppose -2*s + 35 = -51. What is the remainder when s is divided by 22?
21
Let n(p) = p**3 - 4*p**2 - 3*p + 3. Calculate the remainder when 49 is divided by n(5).
10
Let n(d) = -d + 1 - 2*d + 0*d + 2*d. Let a be n(-3). Calculate the remainder when 10 is divided by -1 + 0 + a + 3.
4
Suppose 2*j + 2*j - 68 = 0. Calculate the remainder when 49 is divided by j.
15
Let d(z) = 2*z**2 + 8 - z**2 + 6. Calculate the remainder when d(0) is divided by 4.
2
Let u(l) = 5*l + 1. Calculate the remainder when u(1) is divided by 2.
0
Let v = 6 - -41. Suppose -2*i - 2*u = 3*u - v, -5*u - 16 = -i. Calculate the remainder when i is divided by 11.
10
Suppose -3*a - 54 = -3*y, y - 2*a + 13 = 35. Calculate the remainder when 13 is divided by (2 - 12/8)*y.
6
Let t(b) = -17*b**3 + b**2 + b + 1. Let y(i) = -i - 9. Let c be y(-8). Let m(n) = 6*n**2 - n + 1. What is the remainder when m(3) is divided by t(c)?
16
What is the remainder when (-119)/(-2) + 33/22 is divided by 16?
13
Calculate the remainder when -4*(-1)/(-2) - -19 is divided by 10.
7
Let v = 126 - 112. Calculate the remainder when 81 is divided by v.
11
Let t = 41 - 28. What is the remainder when 24 is divided by t?
11
Suppose 5*a - 40 = -q, q - 5*a = -q + 35. Calculate the remainder when q is divided by 7.
4
Calculate the remainder when 13/52 - (-206)/8 is divided by 3.
2
Let l be 30 + -5 + 1 + 2. Let r = l + -19. Calculate the remainder when 34 is divided by r.
7
Let u = 5 + 14. Suppose 18 = 3*i - 0*h + h, 5*h = 15. Calculate the remainder when u is divided by i.
4
Calculate the remainder when 59 is divided by (-18 - -23)*(2 - -1).
14
Suppose -4*l - 5*b + 31 = 0, -3*l + 0*l + 3*b = -3. Suppose -2*n = l*g + 4, -7 + 3 = -5*n - 3*g. Calculate the remainder when n is divided by 1.
0
Let x = 28 - 15. Calculate the remainder when 36 is divided by x.
10
Suppose 4*w - 5 - 3 = 0. Suppose -3*u + 20 = w*a, 2*u + 40 = 4*a + 16. Suppose s - 10 = a. Calculate the remainder when 33 is divided by s.
16
Let q = -45 + 51. Calculate the remainder when 10 is divided by q.
4
Let t(p) = 2*p**2 - 6*p + 3. Let l(c) = c**2 - 3*c + 2. Let b(u) = -11*l(u) + 6*t(u). Calculate the remainder when b(-6) is divided by 17.
16
Suppose -2*p = 3*d - 269, -3*d - d = -4*p - 352. What is the remainder when d is divided by 23?
20
Let x be (-4)/(-6) - (-700)/30. What is the remainder when 42 is divided by (-3)/4 + 546/x?
20
Let x(i) = i**2 + 6*i + 9. Suppose -3*f - n + 10 = 0, n + 4*n = -5*f. Calculate the remainder when x(-6) is divided by f.
4
Suppose -3*l - 2 + 23 = 0. Calculate the remainder when l is divided by -1*(-1 + -2*1).
1
Suppose -541 = -5*v + 4*y, -6*v + y = -5*v - 109. Suppose -5*c = -8*c + v. What is the remainder when c is divided by 19?
16
Suppose -4 = 3*n - 4*n + 5*g, 5*n = 3*g + 64. Let a = n - 9. Calculate the remainder when 19 is divided by a.
4
Suppose -2*s + 5*i = -34, -s + i + 38 = 2*s. Let u = s - 4. Suppose 5*q = u + 12. What is the remainder when 7 is divided by q?
3
Let t(i) be the third derivative of 3*i**5/20 + i**4/8 + 2*i**3/3 + 3*i**2. Calculate the remainder when 133 is divided by t(-2).
31
Suppose -5*n = 5*z - 40, 0*n + 5*n + 2*z = 40. Let k(r) = 3 - r + 0*r + 2. Calculate the remainder when n is divided by k(0).
3
Suppose -p = -4*v + 18, -2*p - 21 = -0*p - 5*v. Let l be p/(-1) + 4 + 1. Calculate the remainder when 5 is divided by -4 + 1 + 2 + l.
1
Let j(n) = n**3 + 8*n**2 - 11*n + 4. What is the remainder when 59 is divided by j(-9)?
15
Let j(s) = s**2 + 12*s + 22. Calculate the remainder when 5 is divided by j(-10).
1
Suppose -4*z + 98 - 26 = 0. Calculate the remainder when z is divided by 8.
2
Let o(z) = z**2 - 7*z - 6. Let q be o(8). Suppose g + 4 = q*g. Suppose l + 15 = g*l. Calculate the remainder when 14 is divided by l.
4
Let m(p) = 25*p**2 - 1. Let b(s) = -50*s**2 + 2. Let r(j) = -6*b(j) - 11*m(j). What is the remainder when r(1) is divided by 13?
11
What is the remainder when (1 + 2)/(-3)*-84 is divided by 17?
16
Let j be (0 - -2) + (-198)/(